85.208.96.201 - - [03/Feb/2026:21:07:07 +0530] "GET /?i=28507264606bd HTTP/1.1" 200 - "-" "Mozilla/5.0 (compatible; SemrushBot/7~bl; +http://www.semrush.com/bot.html)"
51.195.215.191 - - [03/Feb/2026:21:07:19 +0530] "GET /?i=2819770375e91 HTTP/1.1" 200 - "-" "Mozilla/5.0 (compatible; AhrefsBot/7.0; +http://ahrefs.com/robot/)"
185.191.171.5 - - [03/Feb/2026:21:07:23 +0530] "GET /?i=24087643ae625 HTTP/1.1" 200 - "-" "Mozilla/5.0 (compatible; SemrushBot/7~bl; +http://www.semrush.com/bot.html)"
185.191.171.17 - - [03/Feb/2026:21:07:33 +0530] "GET /?i=39474376949ac HTTP/1.1" 200 - "-" "Mozilla/5.0 (compatible; SemrushBot/7~bl; +http://www.semrush.com/bot.html)"
185.191.171.6 - - [03/Feb/2026:21:08:31 +0530] "GET /?i=35821053a780a HTTP/1.1" 200 - "-" "Mozilla/5.0 (compatible; SemrushBot/7~bl; +http://www.semrush.com/bot.html)"
185.191.171.9 - - [03/Feb/2026:21:08:34 +0530] "GET /?i=20513485e9a12 HTTP/1.1" 200 - "-" "Mozilla/5.0 (compatible; SemrushBot/7~bl; +http://www.semrush.com/bot.html)"
85.208.96.205 - - [03/Feb/2026:21:08:51 +0530] "GET /?i=203543141fd77 HTTP/1.1" 200 - "-" "Mozilla/5.0 (compatible; SemrushBot/7~bl; +http://www.semrush.com/bot.html)"
185.191.171.11 - - [03/Feb/2026:21:09:01 +0530] "GET /?i=3112107527141 HTTP/1.1" 200 - "-" "Mozilla/5.0 (compatible; SemrushBot/7~bl; +http://www.semrush.com/bot.html)"
85.208.96.197 - - [03/Feb/2026:21:09:14 +0530] "GET /?i=22768195d4b72 HTTP/1.1" 200 - "-" "Mozilla/5.0 (compatible; SemrushBot/7~bl; +http://www.semrush.com/bot.html)"
185.191.171.16 - - [03/Feb/2026:21:09:19 +0530] "GET /?i=2060730447320 HTTP/1.1" 200 - "-" "Mozilla/5.0 (compatible; SemrushBot/7~bl; +http://www.semrush.com/bot.html)"
198.244.168.183 - - [03/Feb/2026:21:09:21 +0530] "GET /?i=2777723600642 HTTP/1.1" 200 - "-" "Mozilla/5.0 (compatible; AhrefsBot/7.0; +http://ahrefs.com/robot/)"
85.208.96.205 - - [03/Feb/2026:21:09:29 +0530] "GET /?i=349159849bd12 HTTP/1.1" 200 - "-" "Mozilla/5.0 (compatible; SemrushBot/7~bl; +http://www.semrush.com/bot.html)"
85.208.96.205 - - [03/Feb/2026:21:09:34 +0530] "GET /?i=28235085fe1e7 HTTP/1.1" 200 - "-" "Mozilla/5.0 (compatible; SemrushBot/7~bl; +http://www.semrush.com/bot.html)"
185.191.171.3 - - [03/Feb/2026:21:09:41 +0530] "GET /?i=273808556614d HTTP/1.1" 200 - "-" "Mozilla/5.0 (compatible; SemrushBot/7~bl; +http://www.semrush.com/bot.html)"
85.208.96.195 - - [03/Feb/2026:21:09:50 +0530] "GET /?i=328480949bce9 HTTP/1.1" 200 - "-" "Mozilla/5.0 (compatible; SemrushBot/7~bl; +http://www.semrush.com/bot.html)"
185.191.171.15 - - [03/Feb/2026:21:09:58 +0530] "GET /?i=24447735f742e HTTP/1.1" 200 - "-" "Mozilla/5.0 (compatible; SemrushBot/7~bl; +http://www.semrush.com/bot.html)"
185.191.171.6 - - [03/Feb/2026:21:10:20 +0530] "GET /?i=2993237458751 HTTP/1.1" 200 - "-" "Mozilla/5.0 (compatible; SemrushBot/7~bl; +http://www.semrush.com/bot.html)"
85.208.96.212 - - [03/Feb/2026:21:10:26 +0530] "GET /?i=281239151d613 HTTP/1.1" 200 - "-" "Mozilla/5.0 (compatible; SemrushBot/7~bl; +http://www.semrush.com/bot.html)"
185.191.171.7 - - [03/Feb/2026:21:10:29 +0530] "GET /?i=21679105b474d HTTP/1.1" 200 - "-" "Mozilla/5.0 (compatible; SemrushBot/7~bl; +http://www.semrush.com/bot.html)"
43.153.96.79 - - [03/Feb/2026:21:10:43 +0530] "GET / HTTP/1.1" 200 - "-" "Mozilla/5.0 (iPhone; CPU iPhone OS 13_2_3 like Mac OS X) AppleWebKit/605.1.15 (KHTML, like Gecko) Version/13.0.3 Mobile/15E148 Safari/604.1"
185.191.171.14 - - [03/Feb/2026:21:10:52 +0530] "GET /?i=27957195c39ec HTTP/1.1" 200 - "-" "Mozilla/5.0 (compatible; SemrushBot/7~bl; +http://www.semrush.com/bot.html)"
185.191.171.8 - - [03/Feb/2026:21:10:54 +0530] "GET /?i=32897965da181 HTTP/1.1" 200 - "-" "Mozilla/5.0 (compatible; SemrushBot/7~bl; +http://www.semrush.com/bot.html)"
85.208.96.203 - - [03/Feb/2026:21:11:15 +0530] "GET /?i=39844243bab2a HTTP/1.1" 200 - "-" "Mozilla/5.0 (compatible; SemrushBot/7~bl; +http://www.semrush.com/bot.html)"
85.208.96.199 - - [03/Feb/2026:21:11:17 +0530] "GET /?i=358462362b5e5 HTTP/1.1" 200 - "-" "Mozilla/5.0 (compatible; SemrushBot/7~bl; +http://www.semrush.com/bot.html)"
198.244.242.52 - - [03/Feb/2026:21:11:28 +0530] "GET /?i=27276085c9330 HTTP/1.1" 200 - "-" "Mozilla/5.0 (compatible; AhrefsBot/7.0; +http://ahrefs.com/robot/)"
85.208.96.209 - - [03/Feb/2026:21:11:42 +0530] "GET /?i=24439445b1ac4 HTTP/1.1" 200 - "-" "Mozilla/5.0 (compatible; SemrushBot/7~bl; +http://www.semrush.com/bot.html)"
85.208.96.203 - - [03/Feb/2026:21:12:08 +0530] "GET /?i=37627603b9990 HTTP/1.1" 200 - "-" "Mozilla/5.0 (compatible; SemrushBot/7~bl; +http://www.semrush.com/bot.html)"
185.191.171.14 - - [03/Feb/2026:21:12:47 +0530] "GET /?i=3090545551db0 HTTP/1.1" 200 - "-" "Mozilla/5.0 (compatible; SemrushBot/7~bl; +http://www.semrush.com/bot.html)"
185.191.171.9 - - [03/Feb/2026:21:12:50 +0530] "GET /?i=30417293fdf7e HTTP/1.1" 200 - "-" "Mozilla/5.0 (compatible; SemrushBot/7~bl; +http://www.semrush.com/bot.html)"
185.191.171.3 - - [03/Feb/2026:21:12:57 +0530] "GET /?i=230065040f171 HTTP/1.1" 200 - "-" "Mozilla/5.0 (compatible; SemrushBot/7~bl; +http://www.semrush.com/bot.html)"
185.191.171.10 - - [03/Feb/2026:21:13:00 +0530] "GET /?i=22462993fdc23 HTTP/1.1" 200 - "-" "Mozilla/5.0 (compatible; SemrushBot/7~bl; +http://www.semrush.com/bot.html)"
85.208.96.193 - - [03/Feb/2026:21:13:03 +0530] "GET /?i=283788863f3d1 HTTP/1.1" 200 - "-" "Mozilla/5.0 (compatible; SemrushBot/7~bl; +http://www.semrush.com/bot.html)"
185.191.171.2 - - [03/Feb/2026:21:13:09 +0530] "GET /?i=2219729580598 HTTP/1.1" 200 - "-" "Mozilla/5.0 (compatible; SemrushBot/7~bl; +http://www.semrush.com/bot.html)"
185.191.171.2 - - [03/Feb/2026:21:13:18 +0530] "GET /?i=34619755ac9a7 HTTP/1.1" 200 - "-" "Mozilla/5.0 (compatible; SemrushBot/7~bl; +http://www.semrush.com/bot.html)"
85.208.96.198 - - [03/Feb/2026:21:13:21 +0530] "GET /?i=320468561ae6d HTTP/1.1" 200 - "-" "Mozilla/5.0 (compatible; SemrushBot/7~bl; +http://www.semrush.com/bot.html)"
54.38.147.39 - - [03/Feb/2026:21:13:39 +0530] "GET /?i=272502048e0f1 HTTP/1.1" 200 - "-" "Mozilla/5.0 (compatible; AhrefsBot/7.0; +http://ahrefs.com/robot/)"
85.208.96.212 - - [03/Feb/2026:21:13:45 +0530] "GET /?i=323057065bfaa HTTP/1.1" 200 - "-" "Mozilla/5.0 (compatible; SemrushBot/7~bl; +http://www.semrush.com/bot.html)"
185.191.171.18 - - [03/Feb/2026:21:13:51 +0530] "GET /?i=307972735f0f7 HTTP/1.1" 200 - "-" "Mozilla/5.0 (compatible; SemrushBot/7~bl; +http://www.semrush.com/bot.html)"
85.208.96.199 - - [03/Feb/2026:21:14:14 +0530] "GET /?i=2128108527c80 HTTP/1.1" 200 - "-" "Mozilla/5.0 (compatible; SemrushBot/7~bl; +http://www.semrush.com/bot.html)"
85.208.96.194 - - [03/Feb/2026:21:14:22 +0530] "GET /?i=359617257deb5 HTTP/1.1" 200 - "-" "Mozilla/5.0 (compatible; SemrushBot/7~bl; +http://www.semrush.com/bot.html)"
85.208.96.212 - - [03/Feb/2026:21:14:30 +0530] "GET /?i=3486798681408 HTTP/1.1" 200 - "-" "Mozilla/5.0 (compatible; SemrushBot/7~bl; +http://www.semrush.com/bot.html)"
85.208.96.212 - - [03/Feb/2026:21:14:45 +0530] "GET /?i=296162250fb26 HTTP/1.1" 200 - "-" "Mozilla/5.0 (compatible; SemrushBot/7~bl; +http://www.semrush.com/bot.html)"
185.191.171.10 - - [03/Feb/2026:21:14:55 +0530] "GET /?i=21316156b8456 HTTP/1.1" 200 - "-" "Mozilla/5.0 (compatible; SemrushBot/7~bl; +http://www.semrush.com/bot.html)"
85.208.96.207 - - [03/Feb/2026:21:14:57 +0530] "GET /?i=24194786c943c HTTP/1.1" 200 - "-" "Mozilla/5.0 (compatible; SemrushBot/7~bl; +http://www.semrush.com/bot.html)"
185.191.171.5 - - [03/Feb/2026:21:15:16 +0530] "GET /?i=37855855c8633 HTTP/1.1" 200 - "-" "Mozilla/5.0 (compatible; SemrushBot/7~bl; +http://www.semrush.com/bot.html)"
185.191.171.13 - - [03/Feb/2026:21:15:38 +0530] "GET /?i=285162136fa7b HTTP/1.1" 200 - "-" "Mozilla/5.0 (compatible; SemrushBot/7~bl; +http://www.semrush.com/bot.html)"
51.195.183.244 - - [03/Feb/2026:21:15:47 +0530] "GET /?i=26904864f4548 HTTP/1.1" 200 - "-" "Mozilla/5.0 (compatible; AhrefsBot/7.0; +http://ahrefs.com/robot/)"
85.208.96.207 - - [03/Feb/2026:21:16:02 +0530] "GET /?i=21716205e2829 HTTP/1.1" 200 - "-" "Mozilla/5.0 (compatible; SemrushBot/7~bl; +http://www.semrush.com/bot.html)"
85.208.96.196 - - [03/Feb/2026:21:16:23 +0530] "GET /?i=275190967d76f HTTP/1.1" 200 - "-" "Mozilla/5.0 (compatible; SemrushBot/7~bl; +http://www.semrush.com/bot.html)"
85.208.96.200 - - [03/Feb/2026:21:16:32 +0530] "GET /?i=334353953146a HTTP/1.1" 200 - "-" "Mozilla/5.0 (compatible; SemrushBot/7~bl; +http://www.semrush.com/bot.html)"
85.208.96.210 - - [03/Feb/2026:21:16:41 +0530] "GET /?i=20059853b6fd9 HTTP/1.1" 200 - "-" "Mozilla/5.0 (compatible; SemrushBot/7~bl; +http://www.semrush.com/bot.html)"
185.191.171.3 - - [03/Feb/2026:21:16:54 +0530] "GET /?i=369463365f9fa HTTP/1.1" 200 - "-" "Mozilla/5.0 (compatible; SemrushBot/7~bl; +http://www.semrush.com/bot.html)"
185.191.171.13 - - [03/Feb/2026:21:17:06 +0530] "GET /?i=2320877609311 HTTP/1.1" 200 - "-" "Mozilla/5.0 (compatible; SemrushBot/7~bl; +http://www.semrush.com/bot.html)"
185.191.171.16 - - [03/Feb/2026:21:17:21 +0530] "GET /?i=24466585d5a02 HTTP/1.1" 200 - "-" "Mozilla/5.0 (compatible; SemrushBot/7~bl; +http://www.semrush.com/bot.html)"
85.208.96.211 - - [03/Feb/2026:21:17:29 +0530] "GET /?i=238125363a732 HTTP/1.1" 200 - "-" "Mozilla/5.0 (compatible; SemrushBot/7~bl; +http://www.semrush.com/bot.html)"
85.208.96.207 - - [03/Feb/2026:21:17:31 +0530] "GET /?i=34186333e7ad4 HTTP/1.1" 200 - "-" "Mozilla/5.0 (compatible; SemrushBot/7~bl; +http://www.semrush.com/bot.html)"
85.208.96.193 - - [03/Feb/2026:21:17:37 +0530] "GET /robots.txt HTTP/1.1" 200 1046 "-" "Mozilla/5.0 (compatible; SemrushBot/7~bl; +http://www.semrush.com/bot.html)"
185.191.171.10 - - [03/Feb/2026:21:17:37 +0530] "GET /?i=25656696bff95 HTTP/1.1" 200 - "-" "Mozilla/5.0 (compatible; SemrushBot/7~bl; +http://www.semrush.com/bot.html)"
185.191.171.6 - - [03/Feb/2026:21:17:46 +0530] "GET /?i=364353144b0e8 HTTP/1.1" 200 - "-" "Mozilla/5.0 (compatible; SemrushBot/7~bl; +http://www.semrush.com/bot.html)"
51.195.183.129 - - [03/Feb/2026:21:17:53 +0530] "GET /?i=26677684174b9 HTTP/1.1" 200 - "-" "Mozilla/5.0 (compatible; AhrefsBot/7.0; +http://ahrefs.com/robot/)"
85.208.96.200 - - [03/Feb/2026:21:18:23 +0530] "GET /?i=24231925beac7 HTTP/1.1" 200 - "-" "Mozilla/5.0 (compatible; SemrushBot/7~bl; +http://www.semrush.com/bot.html)"
85.208.96.200 - - [03/Feb/2026:21:18:31 +0530] "GET /?i=251424966f092 HTTP/1.1" 200 - "-" "Mozilla/5.0 (compatible; SemrushBot/7~bl; +http://www.semrush.com/bot.html)"
185.191.171.13 - - [03/Feb/2026:21:18:34 +0530] "GET /?i=34636586571b1 HTTP/1.1" 200 - "-" "Mozilla/5.0 (compatible; SemrushBot/7~bl; +http://www.semrush.com/bot.html)"
185.191.171.15 - - [03/Feb/2026:21:18:37 +0530] "GET /?i=323755250733d HTTP/1.1" 200 - "-" "Mozilla/5.0 (compatible; SemrushBot/7~bl; +http://www.semrush.com/bot.html)"
85.208.96.198 - - [03/Feb/2026:21:18:57 +0530] "GET /?i=24541296204f6 HTTP/1.1" 200 - "-" "Mozilla/5.0 (compatible; SemrushBot/7~bl; +http://www.semrush.com/bot.html)"
85.208.96.211 - - [03/Feb/2026:21:19:05 +0530] "GET /?i=32623663a7332 HTTP/1.1" 200 - "-" "Mozilla/5.0 (compatible; SemrushBot/7~bl; +http://www.semrush.com/bot.html)"
85.208.96.212 - - [03/Feb/2026:21:19:09 +0530] "GET /?i=3817562504706 HTTP/1.1" 200 - "-" "Mozilla/5.0 (compatible; SemrushBot/7~bl; +http://www.semrush.com/bot.html)"
85.208.96.208 - - [03/Feb/2026:21:19:11 +0530] "GET /?i=3791519486d24 HTTP/1.1" 200 - "-" "Mozilla/5.0 (compatible; SemrushBot/7~bl; +http://www.semrush.com/bot.html)"
85.208.96.211 - - [03/Feb/2026:21:19:59 +0530] "GET /?i=21433343e71f6 HTTP/1.1" 200 - "-" "Mozilla/5.0 (compatible; SemrushBot/7~bl; +http://www.semrush.com/bot.html)"
198.244.168.63 - - [03/Feb/2026:21:20:00 +0530] "GET /?i=256778246e30f HTTP/1.1" 200 - "-" "Mozilla/5.0 (compatible; AhrefsBot/7.0; +http://ahrefs.com/robot/)"
185.191.171.13 - - [03/Feb/2026:21:20:04 +0530] "GET /?i=21825834d0f54 HTTP/1.1" 200 - "-" "Mozilla/5.0 (compatible; SemrushBot/7~bl; +http://www.semrush.com/bot.html)"
85.208.96.207 - - [03/Feb/2026:21:20:37 +0530] "GET /?i=340728862fd10 HTTP/1.1" 200 - "-" "Mozilla/5.0 (compatible; SemrushBot/7~bl; +http://www.semrush.com/bot.html)"
185.191.171.12 - - [03/Feb/2026:21:20:52 +0530] "GET /?i=2964194422b42 HTTP/1.1" 200 - "-" "Mozilla/5.0 (compatible; SemrushBot/7~bl; +http://www.semrush.com/bot.html)"
85.208.96.211 - - [03/Feb/2026:21:21:00 +0530] "GET /?i=276105538793b HTTP/1.1" 200 - "-" "Mozilla/5.0 (compatible; SemrushBot/7~bl; +http://www.semrush.com/bot.html)"
85.208.96.209 - - [03/Feb/2026:21:21:08 +0530] "GET /?i=30171524a0913 HTTP/1.1" 200 - "-" "Mozilla/5.0 (compatible; SemrushBot/7~bl; +http://www.semrush.com/bot.html)"
185.191.171.18 - - [03/Feb/2026:21:21:10 +0530] "GET /?i=2554363387405 HTTP/1.1" 200 - "-" "Mozilla/5.0 (compatible; SemrushBot/7~bl; +http://www.semrush.com/bot.html)"
85.208.96.210 - - [03/Feb/2026:21:21:20 +0530] "GET /?i=34180134dea92 HTTP/1.1" 200 - "-" "Mozilla/5.0 (compatible; SemrushBot/7~bl; +http://www.semrush.com/bot.html)"
185.191.171.15 - - [03/Feb/2026:21:21:35 +0530] "GET /?i=31313664dc2c4 HTTP/1.1" 200 - "-" "Mozilla/5.0 (compatible; SemrushBot/7~bl; +http://www.semrush.com/bot.html)"
85.208.96.211 - - [03/Feb/2026:21:21:45 +0530] "GET /?i=3054445452b5e HTTP/1.1" 200 - "-" "Mozilla/5.0 (compatible; SemrushBot/7~bl; +http://www.semrush.com/bot.html)"
185.191.171.12 - - [03/Feb/2026:21:21:47 +0530] "GET /?i=36305706a318d HTTP/1.1" 200 - "-" "Mozilla/5.0 (compatible; SemrushBot/7~bl; +http://www.semrush.com/bot.html)"
85.208.96.206 - - [03/Feb/2026:21:21:51 +0530] "GET /?i=28265784e7300 HTTP/1.1" 200 - "-" "Mozilla/5.0 (compatible; SemrushBot/7~bl; +http://www.semrush.com/bot.html)"
185.191.171.8 - - [03/Feb/2026:21:22:16 +0530] "GET /?i=3882831480a58 HTTP/1.1" 200 - "-" "Mozilla/5.0 (compatible; SemrushBot/7~bl; +http://www.semrush.com/bot.html)"
51.195.215.171 - - [03/Feb/2026:21:22:24 +0530] "GET /?i=246889237b306 HTTP/1.1" 200 - "-" "Mozilla/5.0 (compatible; AhrefsBot/7.0; +http://ahrefs.com/robot/)"
85.208.96.210 - - [03/Feb/2026:21:22:25 +0530] "GET /?i=23977424cfec6 HTTP/1.1" 200 - "-" "Mozilla/5.0 (compatible; SemrushBot/7~bl; +http://www.semrush.com/bot.html)"
185.191.171.8 - - [03/Feb/2026:21:22:31 +0530] "GET /?i=32603723ea816 HTTP/1.1" 200 - "-" "Mozilla/5.0 (compatible; SemrushBot/7~bl; +http://www.semrush.com/bot.html)"
85.208.96.199 - - [03/Feb/2026:21:22:35 +0530] "GET /?i=26696423398ac HTTP/1.1" 200 - "-" "Mozilla/5.0 (compatible; SemrushBot/7~bl; +http://www.semrush.com/bot.html)"
85.208.96.210 - - [03/Feb/2026:21:22:51 +0530] "GET /?i=39090843edc82 HTTP/1.1" 200 - "-" "Mozilla/5.0 (compatible; SemrushBot/7~bl; +http://www.semrush.com/bot.html)"
185.191.171.14 - - [03/Feb/2026:21:22:59 +0530] "GET /?i=29677216c4f40 HTTP/1.1" 200 - "-" "Mozilla/5.0 (compatible; SemrushBot/7~bl; +http://www.semrush.com/bot.html)"
85.208.96.204 - - [03/Feb/2026:21:23:26 +0530] "GET /?i=25018996863c7 HTTP/1.1" 200 - "-" "Mozilla/5.0 (compatible; SemrushBot/7~bl; +http://www.semrush.com/bot.html)"
85.208.96.211 - - [03/Feb/2026:21:24:06 +0530] "GET /?i=29906444a7111 HTTP/1.1" 200 - "-" "Mozilla/5.0 (compatible; SemrushBot/7~bl; +http://www.semrush.com/bot.html)"
185.191.171.4 - - [03/Feb/2026:21:24:12 +0530] "GET /?i=2466701578d07 HTTP/1.1" 200 - "-" "Mozilla/5.0 (compatible; SemrushBot/7~bl; +http://www.semrush.com/bot.html)"
85.208.96.193 - - [03/Feb/2026:21:24:25 +0530] "GET /?i=34579633b304b HTTP/1.1" 200 - "-" "Mozilla/5.0 (compatible; SemrushBot/7~bl; +http://www.semrush.com/bot.html)"
51.195.215.41 - - [03/Feb/2026:21:24:29 +0530] "GET /?i=23900165a398f HTTP/1.1" 200 - "-" "Mozilla/5.0 (compatible; AhrefsBot/7.0; +http://ahrefs.com/robot/)"
85.208.96.196 - - [03/Feb/2026:21:24:34 +0530] "GET /?i=3052735568d17 HTTP/1.1" 200 - "-" "Mozilla/5.0 (compatible; SemrushBot/7~bl; +http://www.semrush.com/bot.html)"
185.191.171.9 - - [03/Feb/2026:21:24:48 +0530] "GET /?i=323456641ef2a HTTP/1.1" 200 - "-" "Mozilla/5.0 (compatible; SemrushBot/7~bl; +http://www.semrush.com/bot.html)"
85.208.96.194 - - [03/Feb/2026:21:25:09 +0530] "GET /?i=23383545a2e32 HTTP/1.1" 200 - "-" "Mozilla/5.0 (compatible; SemrushBot/7~bl; +http://www.semrush.com/bot.html)"
85.208.96.199 - - [03/Feb/2026:21:25:18 +0530] "GET /?i=36633325430ee HTTP/1.1" 200 - "-" "Mozilla/5.0 (compatible; SemrushBot/7~bl; +http://www.semrush.com/bot.html)"
85.208.96.197 - - [03/Feb/2026:21:25:20 +0530] "GET /?i=35131404cdf1a HTTP/1.1" 200 - "-" "Mozilla/5.0 (compatible; SemrushBot/7~bl; +http://www.semrush.com/bot.html)"
185.191.171.17 - - [03/Feb/2026:21:25:30 +0530] "GET /?i=388664541fc3e HTTP/1.1" 200 - "-" "Mozilla/5.0 (compatible; SemrushBot/7~bl; +http://www.semrush.com/bot.html)"
185.191.171.17 - - [03/Feb/2026:21:25:34 +0530] "GET /?i=202978934aaf2 HTTP/1.1" 200 - "-" "Mozilla/5.0 (compatible; SemrushBot/7~bl; +http://www.semrush.com/bot.html)"
85.208.96.196 - - [03/Feb/2026:21:25:38 +0530] "GET /?i=3733151423863 HTTP/1.1" 200 - "-" "Mozilla/5.0 (compatible; SemrushBot/7~bl; +http://www.semrush.com/bot.html)"
85.208.96.206 - - [03/Feb/2026:21:25:49 +0530] "GET /?i=243738847b53e HTTP/1.1" 200 - "-" "Mozilla/5.0 (compatible; SemrushBot/7~bl; +http://www.semrush.com/bot.html)"
185.191.171.6 - - [03/Feb/2026:21:26:02 +0530] "GET /?i=3880702516389 HTTP/1.1" 200 - "-" "Mozilla/5.0 (compatible; SemrushBot/7~bl; +http://www.semrush.com/bot.html)"
185.191.171.15 - - [03/Feb/2026:21:26:11 +0530] "GET /?i=2748165494e64 HTTP/1.1" 200 - "-" "Mozilla/5.0 (compatible; SemrushBot/7~bl; +http://www.semrush.com/bot.html)"
85.208.96.199 - - [03/Feb/2026:21:26:28 +0530] "GET /?i=24151756f4291 HTTP/1.1" 200 - "-" "Mozilla/5.0 (compatible; SemrushBot/7~bl; +http://www.semrush.com/bot.html)"
85.208.96.207 - - [03/Feb/2026:21:26:32 +0530] "GET /?i=23621814aa672 HTTP/1.1" 200 - "-" "Mozilla/5.0 (compatible; SemrushBot/7~bl; +http://www.semrush.com/bot.html)"
51.89.129.80 - - [03/Feb/2026:21:26:41 +0530] "GET /?i=23813233cffb6 HTTP/1.1" 200 - "-" "Mozilla/5.0 (compatible; AhrefsBot/7.0; +http://ahrefs.com/robot/)"
185.191.171.12 - - [03/Feb/2026:21:26:45 +0530] "GET /?i=299700837f7a0 HTTP/1.1" 200 - "-" "Mozilla/5.0 (compatible; SemrushBot/7~bl; +http://www.semrush.com/bot.html)"
85.208.96.209 - - [03/Feb/2026:21:27:04 +0530] "GET /?i=205593952a581 HTTP/1.1" 200 - "-" "Mozilla/5.0 (compatible; SemrushBot/7~bl; +http://www.semrush.com/bot.html)"
185.191.171.19 - - [03/Feb/2026:21:27:12 +0530] "GET /?i=37999003f30b8 HTTP/1.1" 200 - "-" "Mozilla/5.0 (compatible; SemrushBot/7~bl; +http://www.semrush.com/bot.html)"
185.191.171.5 - - [03/Feb/2026:21:27:27 +0530] "GET /?i=21938524d7c7d HTTP/1.1" 200 - "-" "Mozilla/5.0 (compatible; SemrushBot/7~bl; +http://www.semrush.com/bot.html)"
185.191.171.19 - - [03/Feb/2026:21:27:57 +0530] "GET /?i=346124839099c HTTP/1.1" 200 - "-" "Mozilla/5.0 (compatible; SemrushBot/7~bl; +http://www.semrush.com/bot.html)"
85.208.96.198 - - [03/Feb/2026:21:28:35 +0530] "GET /?i=34517634fb393 HTTP/1.1" 200 - "-" "Mozilla/5.0 (compatible; SemrushBot/7~bl; +http://www.semrush.com/bot.html)"
185.191.171.15 - - [03/Feb/2026:21:28:37 +0530] "GET /?i=2216271551990 HTTP/1.1" 200 - "-" "Mozilla/5.0 (compatible; SemrushBot/7~bl; +http://www.semrush.com/bot.html)"
198.244.226.24 - - [03/Feb/2026:21:28:48 +0530] "GET /?i=221456647663a HTTP/1.1" 200 - "-" "Mozilla/5.0 (compatible; AhrefsBot/7.0; +http://ahrefs.com/robot/)"
185.191.171.19 - - [03/Feb/2026:21:28:51 +0530] "GET /?i=291435362000b HTTP/1.1" 200 - "-" "Mozilla/5.0 (compatible; SemrushBot/7~bl; +http://www.semrush.com/bot.html)"
185.191.171.6 - - [03/Feb/2026:21:29:14 +0530] "GET /?i=20873844e042c HTTP/1.1" 200 - "-" "Mozilla/5.0 (compatible; SemrushBot/7~bl; +http://www.semrush.com/bot.html)"
185.191.171.11 - - [03/Feb/2026:21:29:17 +0530] "GET /?i=271850751a741 HTTP/1.1" 200 - "-" "Mozilla/5.0 (compatible; SemrushBot/7~bl; +http://www.semrush.com/bot.html)"
85.208.96.205 - - [03/Feb/2026:21:29:19 +0530] "GET /?i=20541375c5849 HTTP/1.1" 200 - "-" "Mozilla/5.0 (compatible; SemrushBot/7~bl; +http://www.semrush.com/bot.html)"
185.191.171.13 - - [03/Feb/2026:21:29:22 +0530] "GET /?i=33703576b5507 HTTP/1.1" 200 - "-" "Mozilla/5.0 (compatible; SemrushBot/7~bl; +http://www.semrush.com/bot.html)"
85.208.96.199 - - [03/Feb/2026:21:29:24 +0530] "GET /?i=24396015f2d20 HTTP/1.1" 200 - "-" "Mozilla/5.0 (compatible; SemrushBot/7~bl; +http://www.semrush.com/bot.html)"
85.208.96.210 - - [03/Feb/2026:21:29:49 +0530] "GET /?i=2456624366ce6 HTTP/1.1" 200 - "-" "Mozilla/5.0 (compatible; SemrushBot/7~bl; +http://www.semrush.com/bot.html)"
85.208.96.209 - - [03/Feb/2026:21:29:54 +0530] "GET /?i=35853593c88bd HTTP/1.1" 200 - "-" "Mozilla/5.0 (compatible; SemrushBot/7~bl; +http://www.semrush.com/bot.html)"
85.208.96.197 - - [03/Feb/2026:21:29:58 +0530] "GET /?i=2349806511c77 HTTP/1.1" 200 - "-" "Mozilla/5.0 (compatible; SemrushBot/7~bl; +http://www.semrush.com/bot.html)"
185.191.171.3 - - [03/Feb/2026:21:30:04 +0530] "GET /?i=3295523572391 HTTP/1.1" 200 - "-" "Mozilla/5.0 (compatible; SemrushBot/7~bl; +http://www.semrush.com/bot.html)"
185.191.171.2 - - [03/Feb/2026:21:30:16 +0530] "GET /?i=270474851b320 HTTP/1.1" 200 - "-" "Mozilla/5.0 (compatible; SemrushBot/7~bl; +http://www.semrush.com/bot.html)"
185.191.171.12 - - [03/Feb/2026:21:30:28 +0530] "GET /?i=2243962375e8f HTTP/1.1" 200 - "-" "Mozilla/5.0 (compatible; SemrushBot/7~bl; +http://www.semrush.com/bot.html)"
85.208.96.201 - - [03/Feb/2026:21:30:31 +0530] "GET /?i=24408483c5b3e HTTP/1.1" 200 - "-" "Mozilla/5.0 (compatible; SemrushBot/7~bl; +http://www.semrush.com/bot.html)"
198.244.240.236 - - [03/Feb/2026:21:30:38 +0530] "GET /?i=22079195ce928 HTTP/1.1" 200 - "-" "Mozilla/5.0 (compatible; AhrefsBot/7.0; +http://ahrefs.com/robot/)"
185.191.171.7 - - [03/Feb/2026:21:31:01 +0530] "GET /?i=20484235ea5e5 HTTP/1.1" 200 - "-" "Mozilla/5.0 (compatible; SemrushBot/7~bl; +http://www.semrush.com/bot.html)"
85.208.96.209 - - [03/Feb/2026:21:31:06 +0530] "GET /?i=33176824b3c90 HTTP/1.1" 200 - "-" "Mozilla/5.0 (compatible; SemrushBot/7~bl; +http://www.semrush.com/bot.html)"
85.208.96.210 - - [03/Feb/2026:21:31:32 +0530] "GET /?i=3690442471ab2 HTTP/1.1" 200 - "-" "Mozilla/5.0 (compatible; SemrushBot/7~bl; +http://www.semrush.com/bot.html)"
185.191.171.3 - - [03/Feb/2026:21:31:34 +0530] "GET /?i=231659541354f HTTP/1.1" 200 - "-" "Mozilla/5.0 (compatible; SemrushBot/7~bl; +http://www.semrush.com/bot.html)"
185.191.171.3 - - [03/Feb/2026:21:31:44 +0530] "GET /?i=297689458664b HTTP/1.1" 200 - "-" "Mozilla/5.0 (compatible; SemrushBot/7~bl; +http://www.semrush.com/bot.html)"
198.244.168.124 - - [03/Feb/2026:21:32:17 +0530] "GET /?i=22002804b8bde HTTP/1.1" 200 - "-" "Mozilla/5.0 (compatible; AhrefsBot/7.0; +http://ahrefs.com/robot/)"
85.208.96.206 - - [03/Feb/2026:21:32:31 +0530] "GET /?i=20210476a1e9f HTTP/1.1" 200 - "-" "Mozilla/5.0 (compatible; SemrushBot/7~bl; +http://www.semrush.com/bot.html)"
185.191.171.8 - - [03/Feb/2026:21:32:54 +0530] "GET /?i=236075244d2b5 HTTP/1.1" 200 - "-" "Mozilla/5.0 (compatible; SemrushBot/7~bl; +http://www.semrush.com/bot.html)"
185.191.171.13 - - [03/Feb/2026:21:32:56 +0530] "GET /?i=3916346595191 HTTP/1.1" 200 - "-" "Mozilla/5.0 (compatible; SemrushBot/7~bl; +http://www.semrush.com/bot.html)"
85.208.96.208 - - [03/Feb/2026:21:33:08 +0530] "GET /?i=3287930608ede HTTP/1.1" 200 - "-" "Mozilla/5.0 (compatible; SemrushBot/7~bl; +http://www.semrush.com/bot.html)"
85.208.96.201 - - [03/Feb/2026:21:33:13 +0530] "GET /?i=310550953d1f0 HTTP/1.1" 200 - "-" "Mozilla/5.0 (compatible; SemrushBot/7~bl; +http://www.semrush.com/bot.html)"
85.208.96.193 - - [03/Feb/2026:21:33:16 +0530] "GET /?i=383472833595c HTTP/1.1" 200 - "-" "Mozilla/5.0 (compatible; SemrushBot/7~bl; +http://www.semrush.com/bot.html)"
185.191.171.12 - - [03/Feb/2026:21:33:27 +0530] "GET /?i=35115945c5576 HTTP/1.1" 200 - "-" "Mozilla/5.0 (compatible; SemrushBot/7~bl; +http://www.semrush.com/bot.html)"
85.208.96.195 - - [03/Feb/2026:21:33:33 +0530] "GET /?i=3207841411694 HTTP/1.1" 200 - "-" "Mozilla/5.0 (compatible; SemrushBot/7~bl; +http://www.semrush.com/bot.html)"
85.208.96.206 - - [03/Feb/2026:21:33:42 +0530] "GET /?i=321515369cdda HTTP/1.1" 200 - "-" "Mozilla/5.0 (compatible; SemrushBot/7~bl; +http://www.semrush.com/bot.html)"
185.191.171.8 - - [03/Feb/2026:21:33:52 +0530] "GET /?i=25825434afc34 HTTP/1.1" 200 - "-" "Mozilla/5.0 (compatible; SemrushBot/7~bl; +http://www.semrush.com/bot.html)"
198.244.240.103 - - [03/Feb/2026:21:33:56 +0530] "GET /?i=2163833388b51 HTTP/1.1" 200 - "-" "Mozilla/5.0 (compatible; AhrefsBot/7.0; +http://ahrefs.com/robot/)"
185.191.171.6 - - [03/Feb/2026:21:34:04 +0530] "GET /?i=34746574c9bc4 HTTP/1.1" 200 - "-" "Mozilla/5.0 (compatible; SemrushBot/7~bl; +http://www.semrush.com/bot.html)"
185.191.171.19 - - [03/Feb/2026:21:34:08 +0530] "GET /?i=31517014e6fca HTTP/1.1" 200 - "-" "Mozilla/5.0 (compatible; SemrushBot/7~bl; +http://www.semrush.com/bot.html)"
185.191.171.16 - - [03/Feb/2026:21:34:31 +0530] "GET /?i=34392633a0625 HTTP/1.1" 200 - "-" "Mozilla/5.0 (compatible; SemrushBot/7~bl; +http://www.semrush.com/bot.html)"
185.191.171.1 - - [03/Feb/2026:21:34:33 +0530] "GET /?i=32137923f5021 HTTP/1.1" 200 - "-" "Mozilla/5.0 (compatible; SemrushBot/7~bl; +http://www.semrush.com/bot.html)"
85.208.96.195 - - [03/Feb/2026:21:34:43 +0530] "GET /?i=33279555edfa9 HTTP/1.1" 200 - "-" "Mozilla/5.0 (compatible; SemrushBot/7~bl; +http://www.semrush.com/bot.html)"
185.191.171.16 - - [03/Feb/2026:21:35:09 +0530] "GET /?i=326789336a878 HTTP/1.1" 200 - "-" "Mozilla/5.0 (compatible; SemrushBot/7~bl; +http://www.semrush.com/bot.html)"
185.191.171.14 - - [03/Feb/2026:21:35:11 +0530] "GET /?i=2814966695408 HTTP/1.1" 200 - "-" "Mozilla/5.0 (compatible; SemrushBot/7~bl; +http://www.semrush.com/bot.html)"
51.195.183.96 - - [03/Feb/2026:21:35:33 +0530] "GET /?i=2130089347657 HTTP/1.1" 200 - "-" "Mozilla/5.0 (compatible; AhrefsBot/7.0; +http://ahrefs.com/robot/)"
85.208.96.202 - - [03/Feb/2026:21:35:49 +0530] "GET /?i=2792305464af7 HTTP/1.1" 200 - "-" "Mozilla/5.0 (compatible; SemrushBot/7~bl; +http://www.semrush.com/bot.html)"
85.208.96.200 - - [03/Feb/2026:21:35:51 +0530] "GET /?i=36839175c6a46 HTTP/1.1" 200 - "-" "Mozilla/5.0 (compatible; SemrushBot/7~bl; +http://www.semrush.com/bot.html)"
185.191.171.10 - - [03/Feb/2026:21:36:02 +0530] "GET /?i=2926970340155 HTTP/1.1" 200 - "-" "Mozilla/5.0 (compatible; SemrushBot/7~bl; +http://www.semrush.com/bot.html)"
185.191.171.16 - - [03/Feb/2026:21:36:38 +0530] "GET /?i=30430565e8f52 HTTP/1.1" 200 - "-" "Mozilla/5.0 (compatible; SemrushBot/7~bl; +http://www.semrush.com/bot.html)"
185.191.171.18 - - [03/Feb/2026:21:36:40 +0530] "GET /?i=2582834571fb6 HTTP/1.1" 200 - "-" "Mozilla/5.0 (compatible; SemrushBot/7~bl; +http://www.semrush.com/bot.html)"
185.191.171.18 - - [03/Feb/2026:21:37:16 +0530] "GET /?i=3094661613fa7 HTTP/1.1" 200 - "-" "Mozilla/5.0 (compatible; SemrushBot/7~bl; +http://www.semrush.com/bot.html)"
185.191.171.16 - - [03/Feb/2026:21:37:18 +0530] "GET /?i=32050675370d1 HTTP/1.1" 200 - "-" "Mozilla/5.0 (compatible; SemrushBot/7~bl; +http://www.semrush.com/bot.html)"
85.208.96.212 - - [03/Feb/2026:21:37:21 +0530] "GET /?i=22709916000d9 HTTP/1.1" 200 - "-" "Mozilla/5.0 (compatible; SemrushBot/7~bl; +http://www.semrush.com/bot.html)"
198.244.240.193 - - [03/Feb/2026:21:37:29 +0530] "GET /?i=212238261ec66 HTTP/1.1" 200 - "-" "Mozilla/5.0 (compatible; AhrefsBot/7.0; +http://ahrefs.com/robot/)"
85.208.96.201 - - [03/Feb/2026:21:37:34 +0530] "GET /?i=2660985623109 HTTP/1.1" 200 - "-" "Mozilla/5.0 (compatible; SemrushBot/7~bl; +http://www.semrush.com/bot.html)"
85.208.96.207 - - [03/Feb/2026:21:37:37 +0530] "GET /?i=37110403cb1da HTTP/1.1" 200 - "-" "Mozilla/5.0 (compatible; SemrushBot/7~bl; +http://www.semrush.com/bot.html)"
85.208.96.207 - - [03/Feb/2026:21:37:41 +0530] "GET /?i=310610657d51b HTTP/1.1" 200 - "-" "Mozilla/5.0 (compatible; SemrushBot/7~bl; +http://www.semrush.com/bot.html)"
85.208.96.196 - - [03/Feb/2026:21:37:46 +0530] "GET /?i=231162936fd3b HTTP/1.1" 200 - "-" "Mozilla/5.0 (compatible; SemrushBot/7~bl; +http://www.semrush.com/bot.html)"
185.191.171.18 - - [03/Feb/2026:21:37:53 +0530] "GET /?i=3689138441cd7 HTTP/1.1" 200 - "-" "Mozilla/5.0 (compatible; SemrushBot/7~bl; +http://www.semrush.com/bot.html)"
185.191.171.12 - - [03/Feb/2026:21:38:07 +0530] "GET /?i=384250939929f HTTP/1.1" 200 - "-" "Mozilla/5.0 (compatible; SemrushBot/7~bl; +http://www.semrush.com/bot.html)"
185.191.171.11 - - [03/Feb/2026:21:38:25 +0530] "GET /?i=3572703435f47 HTTP/1.1" 200 - "-" "Mozilla/5.0 (compatible; SemrushBot/7~bl; +http://www.semrush.com/bot.html)"
85.208.96.201 - - [03/Feb/2026:21:38:38 +0530] "GET /robots.txt HTTP/1.1" 200 1046 "-" "Mozilla/5.0 (compatible; SemrushBot/7~bl; +http://www.semrush.com/bot.html)"
85.208.96.197 - - [03/Feb/2026:21:38:38 +0530] "GET /?i=3659092467ff7 HTTP/1.1" 200 - "-" "Mozilla/5.0 (compatible; SemrushBot/7~bl; +http://www.semrush.com/bot.html)"
85.208.96.203 - - [03/Feb/2026:21:38:41 +0530] "GET /?i=346511947a4c9 HTTP/1.1" 200 - "-" "Mozilla/5.0 (compatible; SemrushBot/7~bl; +http://www.semrush.com/bot.html)"
185.191.171.12 - - [03/Feb/2026:21:38:43 +0530] "GET /?i=34535704f5c30 HTTP/1.1" 200 - "-" "Mozilla/5.0 (compatible; SemrushBot/7~bl; +http://www.semrush.com/bot.html)"
198.244.242.104 - - [03/Feb/2026:21:39:10 +0530] "GET /?i=2117512341be9 HTTP/1.1" 200 - "-" "Mozilla/5.0 (compatible; AhrefsBot/7.0; +http://ahrefs.com/robot/)"
85.208.96.212 - - [03/Feb/2026:21:39:15 +0530] "GET /?i=24015416a6390 HTTP/1.1" 200 - "-" "Mozilla/5.0 (compatible; SemrushBot/7~bl; +http://www.semrush.com/bot.html)"
85.208.96.196 - - [03/Feb/2026:21:39:17 +0530] "GET /?i=30266486256e7 HTTP/1.1" 200 - "-" "Mozilla/5.0 (compatible; SemrushBot/7~bl; +http://www.semrush.com/bot.html)"
52.167.144.204 - - [03/Feb/2026:21:39:19 +0530] "GET /?i=339517441b5e2 HTTP/1.1" 200 255028 "-" "Mozilla/5.0 AppleWebKit/537.36 (KHTML, like Gecko; compatible; bingbot/2.0; +http://www.bing.com/bingbot.htm) Chrome/116.0.1938.76 Safari/537.36"
185.191.171.11 - - [03/Feb/2026:21:39:32 +0530] "GET /?i=3568530647a6a HTTP/1.1" 200 - "-" "Mozilla/5.0 (compatible; SemrushBot/7~bl; +http://www.semrush.com/bot.html)"
85.208.96.199 - - [03/Feb/2026:21:39:46 +0530] "GET /?i=3471238345075 HTTP/1.1" 200 - "-" "Mozilla/5.0 (compatible; SemrushBot/7~bl; +http://www.semrush.com/bot.html)"
85.208.96.200 - - [03/Feb/2026:21:39:50 +0530] "GET /?i=25406243d1f1d HTTP/1.1" 200 - "-" "Mozilla/5.0 (compatible; SemrushBot/7~bl; +http://www.semrush.com/bot.html)"
85.208.96.195 - - [03/Feb/2026:21:40:49 +0530] "GET /?i=333132637daf3 HTTP/1.1" 200 - "-" "Mozilla/5.0 (compatible; SemrushBot/7~bl; +http://www.semrush.com/bot.html)"
198.244.226.212 - - [03/Feb/2026:21:40:50 +0530] "GET /?i=208563463cdc2 HTTP/1.1" 200 - "-" "Mozilla/5.0 (compatible; AhrefsBot/7.0; +http://ahrefs.com/robot/)"
185.191.171.14 - - [03/Feb/2026:21:40:57 +0530] "GET /?i=3486705447d53 HTTP/1.1" 200 - "-" "Mozilla/5.0 (compatible; SemrushBot/7~bl; +http://www.semrush.com/bot.html)"
52.167.144.204 - - [03/Feb/2026:21:41:08 +0530] "GET /?i=29082623a9ac3 HTTP/1.1" 200 252954 "-" "Mozilla/5.0 AppleWebKit/537.36 (KHTML, like Gecko; compatible; bingbot/2.0; +http://www.bing.com/bingbot.htm) Chrome/116.0.1938.76 Safari/537.36"
85.208.96.200 - - [03/Feb/2026:21:41:16 +0530] "GET /?i=206499054897d HTTP/1.1" 200 - "-" "Mozilla/5.0 (compatible; SemrushBot/7~bl; +http://www.semrush.com/bot.html)"
185.191.171.5 - - [03/Feb/2026:21:41:19 +0530] "GET /?i=255844667b3f4 HTTP/1.1" 200 - "-" "Mozilla/5.0 (compatible; SemrushBot/7~bl; +http://www.semrush.com/bot.html)"
85.208.96.210 - - [03/Feb/2026:21:41:21 +0530] "GET /?i=3253151623134 HTTP/1.1" 200 - "-" "Mozilla/5.0 (compatible; SemrushBot/7~bl; +http://www.semrush.com/bot.html)"
185.191.171.8 - - [03/Feb/2026:21:41:33 +0530] "GET /?i=278964146712d HTTP/1.1" 200 - "-" "Mozilla/5.0 (compatible; SemrushBot/7~bl; +http://www.semrush.com/bot.html)"
85.208.96.194 - - [03/Feb/2026:21:41:41 +0530] "GET /?i=344783061671b HTTP/1.1" 200 - "-" "Mozilla/5.0 (compatible; SemrushBot/7~bl; +http://www.semrush.com/bot.html)"
185.191.171.9 - - [03/Feb/2026:21:41:47 +0530] "GET /?i=26410555b74cd HTTP/1.1" 200 - "-" "Mozilla/5.0 (compatible; SemrushBot/7~bl; +http://www.semrush.com/bot.html)"
85.208.96.200 - - [03/Feb/2026:21:41:49 +0530] "GET /?i=20642595b271e HTTP/1.1" 200 - "-" "Mozilla/5.0 (compatible; SemrushBot/7~bl; +http://www.semrush.com/bot.html)"
85.208.96.203 - - [03/Feb/2026:21:42:00 +0530] "GET /?i=30709303c1a37 HTTP/1.1" 200 - "-" "Mozilla/5.0 (compatible; SemrushBot/7~bl; +http://www.semrush.com/bot.html)"
185.191.171.9 - - [03/Feb/2026:21:42:08 +0530] "GET /?i=2059874431411 HTTP/1.1" 200 - "-" "Mozilla/5.0 (compatible; SemrushBot/7~bl; +http://www.semrush.com/bot.html)"
85.208.96.203 - - [03/Feb/2026:21:42:24 +0530] "GET /?i=35499253a6512 HTTP/1.1" 200 - "-" "Mozilla/5.0 (compatible; SemrushBot/7~bl; +http://www.semrush.com/bot.html)"
198.244.242.124 - - [03/Feb/2026:21:42:39 +0530] "GET /?i=20642295ba716 HTTP/1.1" 200 - "-" "Mozilla/5.0 (compatible; AhrefsBot/7.0; +http://ahrefs.com/robot/)"
185.191.171.15 - - [03/Feb/2026:21:42:42 +0530] "GET /?i=28547684bfc9b HTTP/1.1" 200 - "-" "Mozilla/5.0 (compatible; SemrushBot/7~bl; +http://www.semrush.com/bot.html)"
85.208.96.197 - - [03/Feb/2026:21:42:45 +0530] "GET /?i=39249284dd29e HTTP/1.1" 200 - "-" "Mozilla/5.0 (compatible; SemrushBot/7~bl; +http://www.semrush.com/bot.html)"
185.191.171.5 - - [03/Feb/2026:21:42:51 +0530] "GET /?i=37643745af41d HTTP/1.1" 200 - "-" "Mozilla/5.0 (compatible; SemrushBot/7~bl; +http://www.semrush.com/bot.html)"
85.208.96.195 - - [03/Feb/2026:21:42:57 +0530] "GET /?i=30373627006c6 HTTP/1.1" 200 - "-" "Mozilla/5.0 (compatible; SemrushBot/7~bl; +http://www.semrush.com/bot.html)"
85.208.96.206 - - [03/Feb/2026:21:43:23 +0530] "GET /?i=38024106c34e6 HTTP/1.1" 200 - "-" "Mozilla/5.0 (compatible; SemrushBot/7~bl; +http://www.semrush.com/bot.html)"
185.191.171.19 - - [03/Feb/2026:21:43:51 +0530] "GET /?i=30578886df032 HTTP/1.1" 200 - "-" "Mozilla/5.0 (compatible; SemrushBot/7~bl; +http://www.semrush.com/bot.html)"
85.208.96.199 - - [03/Feb/2026:21:44:01 +0530] "GET /?i=36110355717d7 HTTP/1.1" 200 - "-" "Mozilla/5.0 (compatible; SemrushBot/7~bl; +http://www.semrush.com/bot.html)"
198.244.226.24 - - [03/Feb/2026:21:44:26 +0530] "GET /?i=20595963f6863 HTTP/1.1" 200 - "-" "Mozilla/5.0 (compatible; AhrefsBot/7.0; +http://ahrefs.com/robot/)"
85.208.96.200 - - [03/Feb/2026:21:44:37 +0530] "GET /?i=33756044206ed HTTP/1.1" 200 - "-" "Mozilla/5.0 (compatible; SemrushBot/7~bl; +http://www.semrush.com/bot.html)"
185.191.171.2 - - [03/Feb/2026:21:45:14 +0530] "GET /?i=34993744f6ba6 HTTP/1.1" 200 - "-" "Mozilla/5.0 (compatible; SemrushBot/7~bl; +http://www.semrush.com/bot.html)"
185.191.171.5 - - [03/Feb/2026:21:45:17 +0530] "GET /?i=256239851f772 HTTP/1.1" 200 - "-" "Mozilla/5.0 (compatible; SemrushBot/7~bl; +http://www.semrush.com/bot.html)"
185.191.171.5 - - [03/Feb/2026:21:45:19 +0530] "GET /?i=350163063e6d3 HTTP/1.1" 200 - "-" "Mozilla/5.0 (compatible; SemrushBot/7~bl; +http://www.semrush.com/bot.html)"
185.191.171.15 - - [03/Feb/2026:21:45:23 +0530] "GET /?i=3410815559d93 HTTP/1.1" 200 - "-" "Mozilla/5.0 (compatible; SemrushBot/7~bl; +http://www.semrush.com/bot.html)"
85.208.96.194 - - [03/Feb/2026:21:45:40 +0530] "GET /?i=211070264f696 HTTP/1.1" 200 - "-" "Mozilla/5.0 (compatible; SemrushBot/7~bl; +http://www.semrush.com/bot.html)"
185.191.171.11 - - [03/Feb/2026:21:45:51 +0530] "GET /?i=3617824521bac HTTP/1.1" 200 - "-" "Mozilla/5.0 (compatible; SemrushBot/7~bl; +http://www.semrush.com/bot.html)"
85.208.96.199 - - [03/Feb/2026:21:45:53 +0530] "GET /?i=38049604d77ee HTTP/1.1" 200 - "-" "Mozilla/5.0 (compatible; SemrushBot/7~bl; +http://www.semrush.com/bot.html)"
85.208.96.200 - - [03/Feb/2026:21:45:56 +0530] "GET /?i=278391648f39e HTTP/1.1" 200 - "-" "Mozilla/5.0 (compatible; SemrushBot/7~bl; +http://www.semrush.com/bot.html)"
198.244.226.153 - - [03/Feb/2026:21:46:00 +0530] "GET /?i=205939765a3b4 HTTP/1.1" 200 - "-" "Mozilla/5.0 (compatible; AhrefsBot/7.0; +http://ahrefs.com/robot/)"
85.208.96.205 - - [03/Feb/2026:21:46:09 +0530] "GET /?i=23012044f62cd HTTP/1.1" 200 - "-" "Mozilla/5.0 (compatible; SemrushBot/7~bl; +http://www.semrush.com/bot.html)"
185.191.171.13 - - [03/Feb/2026:21:46:15 +0530] "GET /?i=37049916620ae HTTP/1.1" 200 - "-" "Mozilla/5.0 (compatible; SemrushBot/7~bl; +http://www.semrush.com/bot.html)"
85.208.96.205 - - [03/Feb/2026:21:46:17 +0530] "GET /?i=3214358364ed7 HTTP/1.1" 200 - "-" "Mozilla/5.0 (compatible; SemrushBot/7~bl; +http://www.semrush.com/bot.html)"
185.191.171.13 - - [03/Feb/2026:21:46:29 +0530] "GET /?i=27564634a9377 HTTP/1.1" 200 - "-" "Mozilla/5.0 (compatible; SemrushBot/7~bl; +http://www.semrush.com/bot.html)"
85.208.96.200 - - [03/Feb/2026:21:46:46 +0530] "GET /?i=370861134e74c HTTP/1.1" 200 - "-" "Mozilla/5.0 (compatible; SemrushBot/7~bl; +http://www.semrush.com/bot.html)"
85.208.96.199 - - [03/Feb/2026:21:46:49 +0530] "GET /?i=361046258ed76 HTTP/1.1" 200 - "-" "Mozilla/5.0 (compatible; SemrushBot/7~bl; +http://www.semrush.com/bot.html)"
85.208.96.205 - - [03/Feb/2026:21:46:51 +0530] "GET /?i=3813776658636 HTTP/1.1" 200 - "-" "Mozilla/5.0 (compatible; SemrushBot/7~bl; +http://www.semrush.com/bot.html)"
185.191.171.7 - - [03/Feb/2026:21:47:09 +0530] "GET /?i=3593661396041 HTTP/1.1" 200 - "-" "Mozilla/5.0 (compatible; SemrushBot/7~bl; +http://www.semrush.com/bot.html)"
85.208.96.199 - - [03/Feb/2026:21:47:20 +0530] "GET /?i=330744856051c HTTP/1.1" 200 - "-" "Mozilla/5.0 (compatible; SemrushBot/7~bl; +http://www.semrush.com/bot.html)"
185.191.171.7 - - [03/Feb/2026:21:47:51 +0530] "GET /?i=213843742155f HTTP/1.1" 200 - "-" "Mozilla/5.0 (compatible; SemrushBot/7~bl; +http://www.semrush.com/bot.html)"
85.208.96.202 - - [03/Feb/2026:21:48:06 +0530] "GET /?i=29060615f5442 HTTP/1.1" 200 - "-" "Mozilla/5.0 (compatible; SemrushBot/7~bl; +http://www.semrush.com/bot.html)"
85.208.96.200 - - [03/Feb/2026:21:48:37 +0530] "GET /?i=29201706ca77a HTTP/1.1" 200 - "-" "Mozilla/5.0 (compatible; SemrushBot/7~bl; +http://www.semrush.com/bot.html)"
54.38.147.182 - - [03/Feb/2026:21:48:40 +0530] "GET /sitemap-5.xml HTTP/1.1" 200 360110 "-" "Mozilla/5.0 (compatible; AhrefsBot/7.0; +http://ahrefs.com/robot/)"
185.191.171.1 - - [03/Feb/2026:21:48:54 +0530] "GET /?i=312805336b2ec HTTP/1.1" 200 - "-" "Mozilla/5.0 (compatible; SemrushBot/7~bl; +http://www.semrush.com/bot.html)"
85.208.96.210 - - [03/Feb/2026:21:49:19 +0530] "GET /?i=22705404a1a56 HTTP/1.1" 200 - "-" "Mozilla/5.0 (compatible; SemrushBot/7~bl; +http://www.semrush.com/bot.html)"
185.191.171.14 - - [03/Feb/2026:21:49:24 +0530] "GET /?i=2204596540719 HTTP/1.1" 200 - "-" "Mozilla/5.0 (compatible; SemrushBot/7~bl; +http://www.semrush.com/bot.html)"
185.191.171.4 - - [03/Feb/2026:21:49:28 +0530] "GET /?i=2312822430a33 HTTP/1.1" 200 - "-" "Mozilla/5.0 (compatible; SemrushBot/7~bl; +http://www.semrush.com/bot.html)"
185.191.171.8 - - [03/Feb/2026:21:49:35 +0530] "GET /?i=3509548475eb5 HTTP/1.1" 200 - "-" "Mozilla/5.0 (compatible; SemrushBot/7~bl; +http://www.semrush.com/bot.html)"
85.208.96.200 - - [03/Feb/2026:21:49:39 +0530] "GET /?i=387672741ffe6 HTTP/1.1" 200 - "-" "Mozilla/5.0 (compatible; SemrushBot/7~bl; +http://www.semrush.com/bot.html)"
185.191.171.18 - - [03/Feb/2026:21:50:11 +0530] "GET /?i=23275963d5cf7 HTTP/1.1" 200 - "-" "Mozilla/5.0 (compatible; SemrushBot/7~bl; +http://www.semrush.com/bot.html)"
85.208.96.198 - - [03/Feb/2026:21:50:21 +0530] "GET /?i=236914143bded HTTP/1.1" 200 - "-" "Mozilla/5.0 (compatible; SemrushBot/7~bl; +http://www.semrush.com/bot.html)"
85.208.96.198 - - [03/Feb/2026:21:50:23 +0530] "GET /?i=29334453c9185 HTTP/1.1" 200 - "-" "Mozilla/5.0 (compatible; SemrushBot/7~bl; +http://www.semrush.com/bot.html)"
185.191.171.13 - - [03/Feb/2026:21:50:43 +0530] "GET /?i=30629765d76c3 HTTP/1.1" 200 - "-" "Mozilla/5.0 (compatible; SemrushBot/7~bl; +http://www.semrush.com/bot.html)"
185.191.171.19 - - [03/Feb/2026:21:50:46 +0530] "GET /?i=37774773c649c HTTP/1.1" 200 - "-" "Mozilla/5.0 (compatible; SemrushBot/7~bl; +http://www.semrush.com/bot.html)"
85.208.96.211 - - [03/Feb/2026:21:50:50 +0530] "GET /?i=282490441623e HTTP/1.1" 200 - "-" "Mozilla/5.0 (compatible; SemrushBot/7~bl; +http://www.semrush.com/bot.html)"
85.208.96.195 - - [03/Feb/2026:21:50:52 +0530] "GET /?i=23183575c0464 HTTP/1.1" 200 - "-" "Mozilla/5.0 (compatible; SemrushBot/7~bl; +http://www.semrush.com/bot.html)"
85.208.96.195 - - [03/Feb/2026:21:50:54 +0530] "GET /?i=27447264d3e5d HTTP/1.1" 200 - "-" "Mozilla/5.0 (compatible; SemrushBot/7~bl; +http://www.semrush.com/bot.html)"
85.208.96.205 - - [03/Feb/2026:21:50:56 +0530] "GET /?i=31678326cedc1 HTTP/1.1" 200 - "-" "Mozilla/5.0 (compatible; SemrushBot/7~bl; +http://www.semrush.com/bot.html)"
85.208.96.199 - - [03/Feb/2026:21:51:14 +0530] "GET /?i=37657126eae5e HTTP/1.1" 200 - "-" "Mozilla/5.0 (compatible; SemrushBot/7~bl; +http://www.semrush.com/bot.html)"
185.191.171.15 - - [03/Feb/2026:21:51:23 +0530] "GET /?i=24874166754a3 HTTP/1.1" 200 - "-" "Mozilla/5.0 (compatible; SemrushBot/7~bl; +http://www.semrush.com/bot.html)"
51.89.129.28 - - [03/Feb/2026:21:51:24 +0530] "GET /sitemap-10.xml HTTP/1.1" 200 360110 "-" "Mozilla/5.0 (compatible; AhrefsBot/7.0; +http://ahrefs.com/robot/)"
185.191.171.18 - - [03/Feb/2026:21:51:55 +0530] "GET /?i=28369103d355e HTTP/1.1" 200 - "-" "Mozilla/5.0 (compatible; SemrushBot/7~bl; +http://www.semrush.com/bot.html)"
185.191.171.13 - - [03/Feb/2026:21:52:04 +0530] "GET /?i=29739995804dd HTTP/1.1" 200 - "-" "Mozilla/5.0 (compatible; SemrushBot/7~bl; +http://www.semrush.com/bot.html)"
85.208.96.199 - - [03/Feb/2026:21:52:40 +0530] "GET /?i=2401105659c70 HTTP/1.1" 200 - "-" "Mozilla/5.0 (compatible; SemrushBot/7~bl; +http://www.semrush.com/bot.html)"
185.191.171.17 - - [03/Feb/2026:21:52:58 +0530] "GET /?i=3648156353c3a HTTP/1.1" 200 - "-" "Mozilla/5.0 (compatible; SemrushBot/7~bl; +http://www.semrush.com/bot.html)"
85.208.96.194 - - [03/Feb/2026:21:53:19 +0530] "GET /?i=2177117674a5a HTTP/1.1" 200 - "-" "Mozilla/5.0 (compatible; SemrushBot/7~bl; +http://www.semrush.com/bot.html)"
85.208.96.202 - - [03/Feb/2026:21:53:21 +0530] "GET /?i=28917054a1363 HTTP/1.1" 200 - "-" "Mozilla/5.0 (compatible; SemrushBot/7~bl; +http://www.semrush.com/bot.html)"
85.208.96.211 - - [03/Feb/2026:21:53:35 +0530] "GET /?i=3556857422430 HTTP/1.1" 200 - "-" "Mozilla/5.0 (compatible; SemrushBot/7~bl; +http://www.semrush.com/bot.html)"
185.191.171.4 - - [03/Feb/2026:21:53:39 +0530] "GET /?i=384640839ec69 HTTP/1.1" 200 - "-" "Mozilla/5.0 (compatible; SemrushBot/7~bl; +http://www.semrush.com/bot.html)"
85.208.96.202 - - [03/Feb/2026:21:53:54 +0530] "GET /?i=24807836e179b HTTP/1.1" 200 - "-" "Mozilla/5.0 (compatible; SemrushBot/7~bl; +http://www.semrush.com/bot.html)"
85.208.96.210 - - [03/Feb/2026:21:53:57 +0530] "GET /?i=21285023dd18c HTTP/1.1" 200 - "-" "Mozilla/5.0 (compatible; SemrushBot/7~bl; +http://www.semrush.com/bot.html)"
185.191.171.17 - - [03/Feb/2026:21:54:25 +0530] "GET /?i=29682095a6d36 HTTP/1.1" 200 - "-" "Mozilla/5.0 (compatible; SemrushBot/7~bl; +http://www.semrush.com/bot.html)"
185.191.171.19 - - [03/Feb/2026:21:54:37 +0530] "GET /?i=2000351582ecb HTTP/1.1" 200 - "-" "Mozilla/5.0 (compatible; SemrushBot/7~bl; +http://www.semrush.com/bot.html)"
185.191.171.13 - - [03/Feb/2026:21:54:40 +0530] "GET /?i=3857943442a46 HTTP/1.1" 200 - "-" "Mozilla/5.0 (compatible; SemrushBot/7~bl; +http://www.semrush.com/bot.html)"
157.55.39.60 - - [03/Feb/2026:21:54:43 +0530] "GET /?i=35291274811f0 HTTP/1.1" 200 247883 "-" "Mozilla/5.0 AppleWebKit/537.36 (KHTML, like Gecko; compatible; bingbot/2.0; +http://www.bing.com/bingbot.htm) Chrome/116.0.1938.76 Safari/537.36"
185.191.171.13 - - [03/Feb/2026:21:54:50 +0530] "GET /?i=39498525adce2 HTTP/1.1" 200 - "-" "Mozilla/5.0 (compatible; SemrushBot/7~bl; +http://www.semrush.com/bot.html)"
185.191.171.14 - - [03/Feb/2026:21:54:52 +0530] "GET /?i=3156915536323 HTTP/1.1" 200 - "-" "Mozilla/5.0 (compatible; SemrushBot/7~bl; +http://www.semrush.com/bot.html)"
185.191.171.13 - - [03/Feb/2026:21:54:55 +0530] "GET /?i=344283438f367 HTTP/1.1" 200 - "-" "Mozilla/5.0 (compatible; SemrushBot/7~bl; +http://www.semrush.com/bot.html)"
161.118.193.239 - - [03/Feb/2026:21:54:57 +0530] "GET / HTTP/1.1" 200 - "-" "Mozilla/5.0 (iPad; CPU OS 17_4 like Mac OS X) AppleWebKit/605.1.15 Mobile/15E148"
161.118.193.239 - - [03/Feb/2026:21:54:58 +0530] "GET / HTTP/1.1" 200 - "-" "Go-http-client/1.1"
103.92.235.87 - - [03/Feb/2026:21:54:59 +0530] "POST /wp-cron.php?doing_wp_cron=1770135899.5611538887023925781250 HTTP/1.1" 200 - "-" "WordPress/6.9; https://gadgethall.com"
161.118.193.239 - - [03/Feb/2026:21:54:59 +0530] "GET /wp-login.php HTTP/1.1" 302 - "-" "Mozilla/5.0 (Macintosh; Intel Mac OS X 13_5_1) AppleWebKit/605.1.15 Safari/605.1.15"
185.191.171.9 - - [03/Feb/2026:21:55:01 +0530] "GET /?i=37616894cb889 HTTP/1.1" 200 - "-" "Mozilla/5.0 (compatible; SemrushBot/7~bl; +http://www.semrush.com/bot.html)"
161.118.193.239 - - [03/Feb/2026:21:55:04 +0530] "GET /wp-admin/ HTTP/1.1" 302 - "-" "Mozilla/5.0 (X11; Linux x86_64) Gecko/20100101 Firefox/117.0"
161.118.193.239 - - [03/Feb/2026:21:55:07 +0530] "GET /administrator/ HTTP/1.1" 200 - "-" "Mozilla/5.0 (Windows NT 10.0; Win64; x64) AppleWebKit/537.36 Chrome/116.0 Safari/537.36"
161.118.193.239 - - [03/Feb/2026:21:55:08 +0530] "GET /user/login HTTP/1.1" 200 - "-" "Mozilla/5.0 (X11; Linux x86_64) Gecko/20100101 Firefox/117.0"
161.118.193.239 - - [03/Feb/2026:21:55:08 +0530] "GET /admin HTTP/1.1" 200 - "-" "Mozilla/5.0 (iPad; CPU OS 17_4 like Mac OS X) AppleWebKit/605.1.15 Mobile/15E148"
161.118.193.239 - - [03/Feb/2026:21:55:09 +0530] "GET /login HTTP/1.1" 200 - "-" "Mozilla/5.0 (iPhone; CPU iPhone OS 17_4_1 like Mac OS X) AppleWebKit/605.1.15 Mobile/15E148"
161.118.193.239 - - [03/Feb/2026:21:55:10 +0530] "GET /register HTTP/1.1" 200 - "-" "Mozilla/5.0 (iPhone; CPU iPhone OS 17_4_1 like Mac OS X) AppleWebKit/605.1.15 Mobile/15E148"
161.118.193.239 - - [03/Feb/2026:21:55:10 +0530] "GET /admin HTTP/1.1" 200 - "-" "Mozilla/5.0 (Macintosh; Intel Mac OS X 13_5_1) AppleWebKit/605.1.15 Safari/605.1.15"
161.118.193.239 - - [03/Feb/2026:21:55:11 +0530] "GET /login HTTP/1.1" 200 - "-" "Mozilla/5.0 (Windows NT 10.0; Win64; x64) AppleWebKit/537.36 Chrome/116.0 Safari/537.36"
185.191.171.9 - - [03/Feb/2026:21:55:16 +0530] "GET /?i=305707936828a HTTP/1.1" 200 - "-" "Mozilla/5.0 (compatible; SemrushBot/7~bl; +http://www.semrush.com/bot.html)"
185.191.171.14 - - [03/Feb/2026:21:55:28 +0530] "GET /?i=35420763d53f4 HTTP/1.1" 200 - "-" "Mozilla/5.0 (compatible; SemrushBot/7~bl; +http://www.semrush.com/bot.html)"
185.191.171.11 - - [03/Feb/2026:21:55:37 +0530] "GET /?i=3044272380083 HTTP/1.1" 200 - "-" "Mozilla/5.0 (compatible; SemrushBot/7~bl; +http://www.semrush.com/bot.html)"
198.244.240.164 - - [03/Feb/2026:21:55:47 +0530] "GET /?i=39800835316b2 HTTP/1.1" 200 - "-" "Mozilla/5.0 (compatible; AhrefsBot/7.0; +http://ahrefs.com/robot/)"
85.208.96.210 - - [03/Feb/2026:21:56:04 +0530] "GET /?i=366405965cfda HTTP/1.1" 200 - "-" "Mozilla/5.0 (compatible; SemrushBot/7~bl; +http://www.semrush.com/bot.html)"
85.208.96.205 - - [03/Feb/2026:21:56:16 +0530] "GET /?i=335689966ffa6 HTTP/1.1" 200 - "-" "Mozilla/5.0 (compatible; SemrushBot/7~bl; +http://www.semrush.com/bot.html)"
85.208.96.209 - - [03/Feb/2026:21:56:39 +0530] "GET /?i=33084735d0c5f HTTP/1.1" 200 - "-" "Mozilla/5.0 (compatible; SemrushBot/7~bl; +http://www.semrush.com/bot.html)"
85.208.96.211 - - [03/Feb/2026:21:57:06 +0530] "GET /?i=276496349c39e HTTP/1.1" 200 - "-" "Mozilla/5.0 (compatible; SemrushBot/7~bl; +http://www.semrush.com/bot.html)"
185.191.171.16 - - [03/Feb/2026:21:57:20 +0530] "GET /?i=279912943f7f8 HTTP/1.1" 200 - "-" "Mozilla/5.0 (compatible; SemrushBot/7~bl; +http://www.semrush.com/bot.html)"
85.208.96.198 - - [03/Feb/2026:21:57:35 +0530] "GET /?i=25268224a9cd8 HTTP/1.1" 200 - "-" "Mozilla/5.0 (compatible; SemrushBot/7~bl; +http://www.semrush.com/bot.html)"
85.208.96.209 - - [03/Feb/2026:21:57:41 +0530] "GET /?i=39600245beee9 HTTP/1.1" 200 - "-" "Mozilla/5.0 (compatible; SemrushBot/7~bl; +http://www.semrush.com/bot.html)"
85.208.96.200 - - [03/Feb/2026:21:57:52 +0530] "GET /?i=2979675673e3b HTTP/1.1" 200 - "-" "Mozilla/5.0 (compatible; SemrushBot/7~bl; +http://www.semrush.com/bot.html)"
51.195.215.5 - - [03/Feb/2026:21:57:55 +0530] "GET /?i=392903362f389 HTTP/1.1" 200 - "-" "Mozilla/5.0 (compatible; AhrefsBot/7.0; +http://ahrefs.com/robot/)"
185.191.171.1 - - [03/Feb/2026:21:58:01 +0530] "GET /?i=3605586628bf7 HTTP/1.1" 200 - "-" "Mozilla/5.0 (compatible; SemrushBot/7~bl; +http://www.semrush.com/bot.html)"
185.191.171.7 - - [03/Feb/2026:21:58:11 +0530] "GET /?i=343810840350d HTTP/1.1" 200 - "-" "Mozilla/5.0 (compatible; SemrushBot/7~bl; +http://www.semrush.com/bot.html)"
185.191.171.9 - - [03/Feb/2026:21:58:40 +0530] "GET /?i=36958424a212e HTTP/1.1" 200 - "-" "Mozilla/5.0 (compatible; SemrushBot/7~bl; +http://www.semrush.com/bot.html)"
185.191.171.9 - - [03/Feb/2026:21:58:42 +0530] "GET /?i=231472351e21a HTTP/1.1" 200 - "-" "Mozilla/5.0 (compatible; SemrushBot/7~bl; +http://www.semrush.com/bot.html)"
85.208.96.198 - - [03/Feb/2026:21:58:48 +0530] "GET /?i=31427595aa21b HTTP/1.1" 200 - "-" "Mozilla/5.0 (compatible; SemrushBot/7~bl; +http://www.semrush.com/bot.html)"
185.191.171.1 - - [03/Feb/2026:21:58:59 +0530] "GET /?i=23030814c9a4e HTTP/1.1" 200 - "-" "Mozilla/5.0 (compatible; SemrushBot/7~bl; +http://www.semrush.com/bot.html)"
85.208.96.209 - - [03/Feb/2026:21:59:04 +0530] "GET /?i=37301943df1d0 HTTP/1.1" 200 - "-" "Mozilla/5.0 (compatible; SemrushBot/7~bl; +http://www.semrush.com/bot.html)"
185.191.171.13 - - [03/Feb/2026:21:59:07 +0530] "GET /?i=2919392636afe HTTP/1.1" 200 - "-" "Mozilla/5.0 (compatible; SemrushBot/7~bl; +http://www.semrush.com/bot.html)"
185.191.171.18 - - [03/Feb/2026:21:59:09 +0530] "GET /?i=23360045cc5b5 HTTP/1.1" 200 - "-" "Mozilla/5.0 (compatible; SemrushBot/7~bl; +http://www.semrush.com/bot.html)"
